{"id":327,"date":"2025-11-12T16:01:45","date_gmt":"2025-11-12T15:01:45","guid":{"rendered":"https:\/\/www.farres-sole.com\/aviso-legal-imprint\/"},"modified":"2025-11-12T16:01:45","modified_gmt":"2025-11-12T15:01:45","slug":"aviso-legal-imprint","status":"publish","type":"page","link":"https:\/\/www.farres-sole.com\/es\/aviso-legal-imprint\/","title":{"rendered":"Aviso Legal \/ Imprint"},"content":{"rendered":"\n<!-- Legal document generated by Complianz | GDPR\/CCPA Cookie Consent https:\/\/wordpress.org\/plugins\/complianz-gdpr -->\n<div id=\"cmplz-document\" class=\"cmplz-document impressum cmplz-document-all\"><p><i>Este aviso legal \/ imprint fue actualizado por \u00faltima vez el 12 de noviembre de 2025.<\/i><\/p><p class=\"cmplz-subtitle\">El propietario de esta web es:<\/p><p>Farres i Sole SL<br>Muralla del Carme, 22-24, 1-1\u00aa, 08241 Manresa, Barcelona<br>Espa\u00f1a<br>Correo electr\u00f3nico:&nbsp;<span class=\"cmplz-obfuscate\">a&#115;&#115;essori&#097;@<span class=\"cmplz-fmail-domain\">&#101;x&#046;com<\/span>far&#114;e&#115;-&#115;o&#108;&#101;.com<\/span><br>N\u00famero de tel\u00e9fono: 938727601<br>CIF (N\u00famero de IVA):&nbsp;B61002689<\/p><h2>1. General<\/h2><p>No estamos dispuestos ni obligados a participar en procedimientos de resoluci\u00f3n de conflictos ante una junta de arbitraje de consumo.<\/p><\/div>","protected":false},"excerpt":{"rendered":"","protected":false},"author":1,"featured_media":0,"parent":0,"menu_order":0,"comment_status":"closed","ping_status":"closed","template":"","meta":{"footnotes":""},"class_list":["post-327","page","type-page","status-publish","hentry"],"_links":{"self":[{"href":"https:\/\/www.farres-sole.com\/es\/wp-json\/wp\/v2\/pages\/327","targetHints":{"allow":["GET"]}}],"collection":[{"href":"https:\/\/www.farres-sole.com\/es\/wp-json\/wp\/v2\/pages"}],"about":[{"href":"https:\/\/www.farres-sole.com\/es\/wp-json\/wp\/v2\/types\/page"}],"author":[{"embeddable":true,"href":"https:\/\/www.farres-sole.com\/es\/wp-json\/wp\/v2\/users\/1"}],"replies":[{"embeddable":true,"href":"https:\/\/www.farres-sole.com\/es\/wp-json\/wp\/v2\/comments?post=327"}],"version-history":[{"count":0,"href":"https:\/\/www.farres-sole.com\/es\/wp-json\/wp\/v2\/pages\/327\/revisions"}],"wp:attachment":[{"href":"https:\/\/www.farres-sole.com\/es\/wp-json\/wp\/v2\/media?parent=327"}],"curies":[{"name":"wp","href":"https:\/\/api.w.org\/{rel}","templated":true}]}}

<!-- Legal document generated by Complianz | GDPR/CCPA Cookie Consent https://wordpress.org/plugins/complianz-gdpr -->
<div id="cmplz-document" class="cmplz-document impressum cmplz-document-all"><p><i>Este aviso legal / imprint fue actualizado por última vez el 12 de noviembre de 2025.</i></p><p class="cmplz-subtitle">El propietario de esta web es:</p><p>Farres i Sole SL<br>Muralla del Carme, 22-24, 1-1ª, 08241 Manresa, Barcelona<br>España<br>Correo electrónico:&nbsp;<span class="cmplz-obfuscate">a&#115;&#115;essori&#097;@<span class="cmplz-fmail-domain">&#101;x&#046;com</span>far&#114;e&#115;-&#115;o&#108;&#101;.com</span><br>Número de teléfono: 938727601<br>CIF (Número de IVA):&nbsp;B61002689</p><h2>1. General</h2><p>No estamos dispuestos ni obligados a participar en procedimientos de resolución de conflictos ante una junta de arbitraje de consumo.</p></div>
